What is 1707 (base 9) in base 13?
793
-464 (base 13) to base 12
-532
-10021020 (base 3) to base 4
-211032
2595 (base 12) to base 15
140e
Convert -13130 (base 9) to base 11.
-6721
Convert -423 (base 10) to base 12.
-2b3
-898 (base 11) to base 9
-1424
What is -1213 (base 8) in base 4?
-22023
Convert -54271 (base 10) to base 2.
-1101001111111111
Convert -18147 (base 10) to base 13.
-834c
What is 10220001 (base 4) in base 11?
13263
What is -33194 (base 11) in base 2?
-1011110000001100
What is 11588 (base 9) in base 16?
1e5f
Convert -444 (base 7) to base 2.
-11100100
Convert -75 (base 16) to base 4.
-1311
Convert -102a6 (base 11) to base 16.
-3a97
Convert 23a1 (base 16) to base 10.
9121
Convert -205541 (base 6) to base 7.
-100042
What is -33023333 (base 4) in base 3?
-10011022222
7f (base 16) to base 11
106
Convert 7a72 (base 13) to base 12.
9b22
What is -55025 (base 8) in base 13?
-a65c
What is -c9 (base 13) in base 8?
-245
-32010 (base 4) to base 10
-900
Convert 8a0e (base 16) to base 13.
13118
What is -64123 (base 8) in base 2?
-110100001010011
14244 (base 5) to base 7
3332
143256 (base 8) to base 5
3111422
What is -387 (base 16) in base 14?
-487
254 (base 8) to base 16
ac
What is -1102010 (base 3) in base 8?
-2005
Convert bffb (base 16) to base 15.
e867
Convert 396 (base 12) to base 8.
1042
What is -110100010111 (base 2) in base 16?
-d17
-26c (base 13) to base 16
-1ac
-573 (base 12) to base 15
-38c
22112210 (base 3) to base 7
24111
What is -3c (base 14) in base 6?
-130
Convert -12222 (base 3) to base 5.
-1121
Convert 5548 (base 13) to base 16.
2e72
Convert 13302 (base 5) to base 15.
4bc
Convert -33c6 (base 14) to base 15.
-29e9
What is -4224 (base 6) in base 4?
-32320
11a2d (base 14) to base 3
2012012120
What is 1390 (base 10) in base 13?
82c
What is 87 (base 16) in base 5?
1020
What is 1101001110011 (base 2) in base 9?
10253
What is -19d (base 14) in base 7?
-656
Convert -20210 (base 3) to base 13.
-111
What is -968 (base 13) in base 16?
-647
What is 110101001101 (base 2) in base 3?
11200010
102211 (base 3) to base 7
634
What is -9277 (base 13) in base 4?
-10323301
Convert 1764 (base 14) to base 12.
2524
What is -100111001 (base 2) in base 15?
-15d
Convert 109 (base 11) to base 9.
154
Convert -1121122 (base 3) to base 4.
-102122
What is 1964 (base 10) in base 13?
b81
What is 393 (base 14) in base 5?
10332
Convert 301c (base 15) to base 5.
311102
What is -40133 (base 8) in base 11?
-11418
What is -20420 (base 5) in base 9?
-1771
What is -1104 (base 11) in base 7?
-4150
-3216 (base 10) to base 13
-1605
Convert -211100 (base 3) to base 15.
-2a3
4264 (base 9) to base 12
1994
What is -1241 (base 7) in base 14?
-258
What is -1594 (base 11) in base 9?
-2715
-3637 (base 8) to base 2
-11110011111
What is 1000000011 (base 2) in base 12?
36b
What is -2010001222 (base 3) in base 2?
-1010001010000110
Convert 65109 (base 10) to base 8.
177125
What is 233122 (base 4) in base 11?
2309
What is -213 (base 13) in base 6?
-1350
Convert -b0 (base 12) to base 2.
-10000100
What is -144132 (base 5) in base 15?
-1c62
-4932 (base 10) to base 3
-20202200
What is 28695 (base 10) in base 9?
43323
Convert 111102110 (base 3) to base 8.
23072
25131 (base 7) to base 6
50300
Convert 21b8 (base 12) to base 2.
111010011100
Convert -412 (base 16) to base 8.
-2022
-14251 (base 7) to base 8
-7503
Convert -210101012 (base 3) to base 11.
-10788
Convert -10000020 (base 3) to base 8.
-4221
20122201 (base 3) to base 10
4852
Convert 1262 (base 8) to base 14.
374
What is 618 (base 15) in base 9?
1785
240122 (base 6) to base 11
14687
What is -20063 (base 14) in base 16?
-12c77
Convert -886 (base 12) to base 7.
-3441
Convert -1318 (base 11) to base 3.
-2100110
-7412 (base 11) to base 13
-460c
Convert -1002032 (base 4) to base 5.
-113423
10202 (base 6) to base 4
111122
Convert 100010011000 (base 2) to base 3.
10000111
Convert 3696 (base 10) to base 5.
104241
-2767 (base 8) to base 16
-5f7
Convert -3622 (base 7) to base 15.
-5e4
17 (base 11) to base 7
24
What is 1482 (base 9) in base 10?
1127
Convert -7864 (base 12) to base 11.
-a013
What is 7a1 (base 14) in base 2?
10111101001
-3510 (base 14) to base 4
-2100022
What is -ee8d (base 16) in base 10?
-61069
What is -20543 (base 10) in base 15?
-6148
What is 68 (base 11) in base 12?
62
Convert 101011000111 (base 2) to base 6.
20435
Convert 47a (base 12) to base 9.
824
What is -1205 (base 10) in base 11?
-9a6
What is 10010001111 (base 2) in base 3?
1121020
What is -4d26 (base 14) in base 3?
-200121011
Convert 1001010000001001 (base 2) to base 11.
26522
Convert 11101312 (base 4) to base 5.
1142442
2311 (base 4) to base 2
10110101
11321232 (base 4) to base 2
101111001101110
Convert -2402 (base 11) to base 14.
-120c
Convert 5a0 (base 13) to base 9.
1303
Convert -3a53 (base 11) to base 8.
-12215
What is 2000324 (base 5) in base 2?
111101001101011
Convert 9 (base 14) to base 5.
14
What is -110000011010 (base 2) in base 8?
-6032
What is 2122 (base 7) in base 4?
23233
559 (base 15) to base 8
2271
398 (base 13) to base 12
448
What is -12101 (base 4) in base 2?
-110010001
-234 (base 7) to base 2
-1111011
What is -5200 (base 6) in base 4?
-102000
What is -3095 (base 12) in base 14?
-1d05
6205 (base 7) to base 8
4161
Convert -3421323 (base 5) to base 15.
-1305d
106336 (base 7) to base 14
6d1d
2624 (base 7) to base 11
828
What is -1001010201 (base 3) in base 11?
-14458
30bb (base 12) to base 3
21022022
What is -2102200 (base 3) in base 13?
-a65
Convert -222312 (base 4) to base 8.
-5266
Convert 3831 (base 9) to base 13.
13c3
What is -742 (base 15) in base 16?
-665
95 (base 10) to base 12
7b
Convert 14414 (base 8) to base 10.
6412
Convert 454 (base 13) to base 14.
3b3
What is -111458 (base 9) in base 2?
-10000010010011100
What is -806 (base 9) in base 4?
-22032
21202010 (base 3) to base 15
1a16
Convert 82 (base 15) to base 13.
95
What is 4398 (base 10) in base 3?
20000220
-4165 (base 16) to base 9
-24861
1110110010101 (base 2) to base 7
31036
What is -12030 (base 6) in base 3?
-2101200
Convert 83c (base 15) to base 2.
11101000001
Convert -13bbb (base 12) to base 11.
-19854
Convert -7 (base 10) to base 16.
-7
-1044 (base 7) to base 3
-111220
What is -110111000 (base 2) in base 14?
-236
What is -5234 (base 8) in base 2?
-101010011100
What is -12112 (base 3) in base 7?
-302
Convert -119 (base 15) to base 5.
-1444
10276 (base 9) to base 16
1a88
26510 (base 7) to base 15
2192
-21213 (base 4) to base 7
-1536
23414 (base 5) to base 8
3306
What is 1013111 (base 4) in base 3?
20021002
What is 10 (base 11) in base 2?
1011
What is -2e5a (base 16) in base 8?
-27132
69c (base 15) to base 6
10533
What is -831 (base 10) in base 12?
-593
Convert -30031 (base 5) to base 15.
-861
Convert -4664 (base 15) to base 6.
-153104
-6777 (base 9) to base 14
-1b7d
20100210 (base 4) to base 16
8424
What is 217 (base 8) in base 13?
b0
44221 (base 5) to base 4
233311
Convert -397 (base 14) to base 15.
-331
Convert -11212221 (base 3) to base 13.
-1810
Convert 324440 (base 5) to base 12.
6611
Convert 100112 (base 3) to base 7.
515
What is -2fc (base 16) in base 14?
-3c8
3503 (base 7) to base 11
a61
Convert -2a4 (base 15) to base 14.
-312
Convert -5233 (base 7) to base 2.
-11100101101
Convert -1011001110 (base 2) to base 7.
-2044
101110102 (base 3) to base 13
3617
What is 365 (base 14) in base 2?
1010100101
-c76 (base 13) to base 10
-2125
What is 1277 (base 13) in base 3?
10121112
Convert -642 (base 8) to base 6.
-1534
What is 662 (base 8) in base 15?
1de
What is -150 (base 14) in base 16?
-10a
Convert 1141a (base 16) to base 14.
1ba8a
What is -23213 (base 4) in base 5?
-10433
Convert -1290 (base 15) to base 5.
-111320
What is -111020002 (base 3) in base 10?
-9641
77 (base 12) to base 7
160
Convert 4097 (base 12) to base 16.
1b73
Convert 775 (base 14) to base 12.
a2b
11212010 (base 3) to base 6
24220
What is -2012000 (base 3) in base 9?
-2160
Convert -c9ae (base 15) to base 6.
-525345
Convert -4a3 (base 12) to base 9.
-856
-33001 (base 6) to base 8
-10671
57b (base 15) to base 13
746
What is -1112122 (base 3) in base 16?
-464
What is -10212210220 (base 3) in base 15?
-1798c
515204 (base 6) to base 7
231334
What is 3537 (base 9) in base 6?
20054
-c4 (base 16) to base 6
-524
95 (base 11) to b